en 5430 is divided by 692?
586
What is the remainder when 26128 is divided by 1143?
982
Calculate the remainder when 17137 is divided by 4980.
2197
What is the remainder when 20953 is divided by 1746?
1
Calculate the remainder when 3487 is divided by 3410.
77
What is the remainder when 1044 is divided by 511?
22
Calculate the remainder when 2589 is divided by 862.
3
What is the remainder when 536575 is divided by 262?
261
What is the remainder when 1371 is divided by 468?
435
Calculate the remainder when 29861 is divided by 11.
7
Calculate the remainder when 3532 is divided by 522.
400
Calculate the remainder when 107127 is divided by 24.
15
Calculate the remainder when 28947 is divided by 1044.
759
Calculate the remainder when 3950 is divided by 328.
14
Calculate the remainder when 2591 is divided by 70.
1
Calculate the remainder when 387614 is divided by 64599.
20
Calculate the remainder when 655665 is divided by 6.
3
What is the remainder when 130736 is divided by 4085?
16
What is the remainder when 9170048 is divided by 761?
759
Calculate the remainder when 9386 is divided by 92.
2
Calculate the remainder when 3430 is divided by 674.
60
What is the remainder when 1632 is divided by 539?
15
Calculate the remainder when 1220654 is divided by 4.
2
Calculate the remainder when 13491 is divided by 3364.
35
Calculate the remainder when 50166 is divided by 75.
66
What is the remainder when 658 is divided by 12?
10
What is the remainder when 16228 is divided by 72?
28
Calculate the remainder when 10141 is divided by 195.
1
Calculate the remainder when 561198 is divided by 46.
44
Calculate the remainder when 20295 is divided by 14.
9
Calculate the remainder when 77249 is divided by 50.
49
Calculate the remainder when 1522 is divided by 1458.
64
Calculate the remainder when 1812 is divided by 475.
387
Calculate the remainder when 2013 is divided by 199.
23
Calculate the remainder when 2350086 is divided by 1533.
1530
What is the remainder when 27218 is divided by 41?
35
Calculate the remainder when 45055 is divided by 9.
1
Calculate the remainder when 256575 is divided by 85514.
33
Calculate the remainder when 32389 is divided by 427.
364
What is the remainder when 104962 is divided by 107?
102
Calculate the remainder when 174644 is divided by 32.
20
What is the remainder when 7974 is divided by 3958?
58
What is the remainder when 6708 is divided by 130?
78
What is the remainder when 974 is divided by 200?
174
What is the remainder when 19103 is divided by 195?
188
Calculate the remainder when 10188 is divided by 1267.
52
What is the remainder when 62411 is divided by 136?
123
What is the remainder when 5765 is divided by 155?
30
Calculate the remainder when 15409 is divided by 104.
17
Calculate the remainder when 9106 is divided by 46.
44
Calculate the remainder when 1783 is divided by 200.
183
Calculate the remainder when 349 is divided by 295.
54
What is the remainder when 53070 is divided by 1608?
6
Calculate the remainder when 2904 is divided by 340.
184
What is the remainder when 215089 is divided by 29?
25
Calculate the remainder when 103379 is divided by 63.
59
Calculate the remainder when 737837 is divided by 46.
43
Calculate the remainder when 106384 is divided by 188.
164
Calculate the remainder when 40647 is divided by 2539.
23
What is the remainder when 22010 is divided by 881?
866
Calculate the remainder when 3904 is divided by 1300.
4
What is the remainder when 8843 is divided by 40?
3
What is the remainder when 630199 is divided by 50?
49
What is the remainder when 11447 is divided by 69?
62
Calculate the remainder when 293723 is divided by 199.
198
Calculate the remainder when 10952 is divided by 146.
2
Calculate the remainder when 9449 is divided by 627.
44
Calculate the remainder when 35050 is divided by 1844.
14
What is the remainder when 4735 is divided by 1571?
22
Calculate the remainder when 1452882 is divided by 306.
300
What is the remainder when 17659 is divided by 2111?
771
Calculate the remainder when 8378 is divided by 147.
146
Calculate the remainder when 3623 is divided by 326.
37
What is the remainder when 17730 is divided by 8531?
668
Calculate the remainder when 245482 is divided by 293.
241
Calculate the remainder when 2333 is divided by 238.
191
Calculate the remainder when 4960 is divided by 1511.
427
What is the remainder when 71017 is divided by 3381?
16
What is the remainder when 129213 is divided by 12?
9
What is the remainder when 1798 is divided by 1212?
586
Calculate the remainder when 131591 is divided by 65791.
9
What is the remainder when 15397 is divided by 8?
5
Calculate the remainder when 211957 is divided by 69.
58
What is the remainder when 13936 is divided by 66?
10
Calculate the remainder when 1309889 is divided by 1449.
1442
What is the remainder when 2089 is divided by 10?
9
What is the remainder when 19236 is divided by 19211?
25
What is the remainder when 1876543 is divided by 325?
318
Calculate the remainder when 7896 is divided by 3936.
24
What is the remainder when 4343 is divided by 56?
31
Calculate the remainder when 406 is divided by 246.
160
Calculate the remainder when 1755 is divided by 1750.
5
Calculate the remainder when 2856 is divided by 14.
0
What is the remainder when 186143 is divided by 26590?
13
What is the remainder when 5718 is divided by 63?
48
Calculate the remainder when 126912 is divided by 42230.
222
What is the remainder when 93263 is divided by 67?
66
Calculate the remainder when 6239 is divided by 78.
77
Calculate the remainder when 22374 is divided by 65.
14
What is the remainder when 7243 is divided by 6588?
655
Calculate the remainder when 53305 is divided by 26512.
281
What is the remainder when 2148305 is divided by 59?
56
What is the remainder when 41359 is divided by 28?
3
Calculate the remainder when 4597539 is divided by 28.
23
Calculate the remainder when 5969 is divided by 256.
81
What is the remainder when 238253 is divided by 257?
14
What is the remainder when 216319 is divided by 54077?
11
Calculate the remainder when 5644 is divided by 319.
221
Calculate the remainder when 2817 is divided by 164.
29
What is the remainder when 2404 is divided by 240?
4
Calculate the remainder when 2888 is divided by 572.
28
What is the remainder when 151 is divided by 64?
23
What is the remainder when 597591 is divided by 25982?
5
Calculate the remainder when 175649 is divided by 10332.
5
What is the remainder when 12317 is divided by 61?
56
Calculate the remainder when 45193 is divided by 587.
581
Calculate the remainder when 1097 is divided by 145.
82
What is the remainder when 14911 is divided by 584?
311
What is the remainder when 6634 is divided by 224?
138
What is the remainder when 81582 is divided by 199?
191
Calculate the remainder when 1407 is divided by 632.
143
What is the remainder when 272265 is divided by 14328?
33
What is the remainder when 15994 is divided by 1190?
524
What is the remainder when 23857 is divided by 49?
43
Calculate the remainder when 438701 is divided by 17.
16
What is the remainder when 82121 is divided by 28?
25
What is the remainder when 8125 is divided by 268?
85
What is the remainder when 1826163 is divided by 316?
315
What is the remainder when 11445 is divided by 3695?
360
What is the remainder when 31996 is divided by 6390?
46
Calculate the remainder when 3212 is divided by 20.
12
What is the remainder when 204975 is divided by 204972?
3
Calculate the remainder when 1137 is divided by 514.
109
Calculate the remainder when 1518 is divided by 1269.
249
What is the remainder when 318316 is divided by 33?
31
Calculate the remainder when 193798 is divided by 850.
848
Calculate the remainder when 117899 is divided by 25.
24
What is the remainder when 68997 is divided by 3136?
5
Calculate the remainder when 10806 is divided by 21.
12
Calculate the remainder when 37376 is divided by 22.
20
What is the remainder when 78869 is divided by 346?
327
Calculate the remainder when 5383 is divided by 210.
133
Calculate the remainder when 3084 is divided by 772.
768
Calculate the remainder when 86679 is divided by 4333.
19
Calculate the remainder when 41922 is divided by 47.
45
What is the remainder when 41732 is divided by 11?
9
Calculate